at is the hundreds digit of u?
7
Let s(b) = -2*b. Let l be s(-1). Suppose -z - 4*h = -l*z, 2*h = -2*z + 10. Suppose -z*o + 2*k = -126 - 160, o + 2*k - 79 = 0. What is the tens digit of o?
7
Let s be (-6)/(-1)*(52/12 + -4). Let o = 11 + -6. Suppose -f = s*x - 15, o*f - 62 - 25 = -4*x. What is the tens digit of f?
1
Let u = 18372 + -8749. What is the units digit of u?
3
Let h(y) be the first derivative of 3*y**2 + 314*y - 150. What is the tens digit of h(-40)?
7
Suppose -18*y = -17*y - 3*h - 14065, -3*y = -3*h - 42201. What is the units digit of y?
8
What is the hundreds digit of ((-624404)/322)/(8/(-28) - 0)?
7
Let h(l) = -l**2 - 35*l - 62. Let c = -450 - -434. What is the tens digit of h(c)?
4
Let j = 428 - -111. Suppose -j = -5*a + 346. Suppose -3*l + a = -18. What is the tens digit of l?
6
Suppose 4*x - 1 = 3*x. Let t be (3 + x)/(18/27)*-1. What is the hundreds digit of 1 - t/(-9) - 1600/(-15)?
1
Suppose 5*s - 36164 = -t + 108580, -5*s = 2*t - 144738. What is the thousands digit of s?
8
Suppose 2*f + 236085 = 3*v, -3*v + 15*f = 12*f - 236094. What is the tens digit of v?
8
Suppose 11*i - 1368 = -4*a + 15*i, -4*a + 3*i = -1370. Suppose -125 - a = -q. What is the tens digit of q?
6
Let t = -259 + 290. Suppose -t*x = -21*x - 4220. What is the hundreds digit of x?
4
Suppose -40*u = -24*u - 5856. Suppose w = -3*q + 979 + 119, -w = q - u. What is the tens digit of q?
6
Suppose 40 = 4*t - 4*f, 5*f + 2 = 4*f. What is the tens digit of (1 + -204)*(7 - t)?
0
Let s(u) = u**3 - 9*u**2 - 6*u - 2. Let j be s(10). Let l = j + -30. What is the units digit of l*(2 + (-10)/(-8))?
6
Suppose 70 - 46 = 3*y. Let q be 11/5 + y/(-40). Suppose -3*f + q*t = -t - 189, 3*f = -2*t + 179. What is the tens digit of f?
6
Let r = -20132 - -39662. What is the units digit of r?
0
Suppose -12 = 4*s - 28. Suppose s*f - 748 - 1604 = 0. What is the tens digit of f?
8
Let j = -3539 - -5001. What is the thousands digit of j?
1
Let a = -7 + -19. Let v = a + 27. Let m = 84 - v. What is the units digit of m?
3
Suppose 7*w - 15*w = -592. Let j = 448 + w. What is the units digit of j?
2
Let o(b) be the third derivative of 13*b**4/24 - 28*b**3/3 - b**2. Let y be (-1)/(18/(-720)) - 18. What is the units digit of o(y)?
0
Suppose -8*a = -5*b - 5*a + 9594, -9592 = -5*b + 4*a. Suppose 2427 + b = 9*p. What is the hundreds digit of p?
4
Let g be 5 - (-4)/((-12)/15). Suppose -65 = -w + 5*d + 40, 5*w - 4*d - 567 = g. What is the units digit of w?
5
Let w be 16/(-6) + 1 - (-10952)/12. Suppose -a + 3*t = -276, -5*a - w = -4*t - 2247. What is the units digit of a?
4
Let y(u) = 29*u + 58. Let b be y(13). Suppose -3*t - 3*w + 438 = -2*t, -2*w = t - b. What is the hundreds digit of t?
4
Suppose -n + 958 = -2*m, -3*n + 2863 = 3*m + 2*m. Suppose -y = -4*p - 230, -14*y + 4*p + n = -10*y. What is the tens digit of y?
4
Let v(a) = -3023*a**2 + 4*a - 21. Let b(f) = -1008*f**2 + f - 7. Let r(y) = 17*b(y) - 6*v(y). What is the thousands digit of r(1)?
1
What is the hundreds digit of 8 + ((-174)/116)/((-9)/290652)?
4
Suppose -3520 = -6*r + 2006. Suppose 5*c - r = 3*c - 3*p, c = -5*p + 471. What is the units digit of c?
6
Let t = -30 - -936. Let d be ((-64)/(-6))/(t/(-306) - -3). Suppose h + 3*c = d, 58 = h - 3*c - 232. What is the tens digit of h?
8
What is the units digit of (-20)/6*42/(-140)*26833?
3
Suppose 2*t = -3*t + 3*l + 2329, 2331 = 5*t - 2*l. Let m = t - 253. Suppose -2*x = -3*c + m, 0 = -2*c + 3*c - 5*x - 67. What is the units digit of c?
2
Let y(z) = -z**3 + 24*z**2 + 47*z - 1208. What is the tens digit of y(21)?
0
Let y(t) = 70 - 3*t - 2*t + 2*t + 2*t. What is the tens digit of y(29)?
4
Let p(n) = n**3 + 5*n**2 + 62*n - 8. Let o be p(-11). Let k = -760 - o. What is the hundreds digit of k?
6
Suppose s = 5, -5*c = -5*s - 24 + 64. Let d(w) = -12*w**3 + 3. What is the units digit of d(c)?
7
Let l = 3460 - 335. What is the units digit of l?
5
Suppose 512 = -8*g + 72*g. What is the units digit of 3440/6 + (80/15)/g?
4
Suppose 5*u + 0*u + 5 = 0, 3*k - 5*u = 32. Suppose -c = -3 + k. What is the units digit of -2*((-3)/c + -2) + 87?
0
Suppose 13*j - 326037 - 61661 + 54755 = 0. What is the tens digit of j?
1
Let g(d) = -8*d**3 - 7*d + 2*d**2 + 5 + 4*d**2 - 6. Let q be g(4). Let u = 700 + q. What is the tens digit of u?
5
Suppose f = 12*f + 5995. Let q = -147 - f. What is the units digit of q?
8
Let n = 145 + -139. Suppose n*q = -317 + 5819. What is the units digit of q?
7
Let t be 4/(-2)*(-7)/2. Let r = 67 - t. What is the tens digit of 1246/18 - (-2 + r/27)?
6
Let o(h) = -257*h + 5469. What is the thousands digit of o(-25)?
1
Let u = 185 + -172. Suppose 3065 = u*p - 939. What is the tens digit of p?
0
What is the units digit of (1/2)/(2 - 247059/123534)?
3
Let m = 1301 + -243. What is the tens digit of (m + 11)/(2 - -1 - 2)?
6
Let o(x) = x**3 + 12*x**2 + 10*x + 11. Suppose 4*d + 3*z - 91 = 2*d, 5*d + z = 247. Let g = 44 - d. What is the tens digit of o(g)?
6
Let p(h) = h**3 - 12*h**2 - 107*h - 8. Let q be p(18). What is the tens digit of ((-20)/q)/(10/(-1515))?
0
Let t = 65 + -57. Let n(g) = 2*g**2 + 9*g - 25. Let o be n(t). Suppose o = 3*r + 2*r. What is the tens digit of r?
3
Suppose -3*d = u - 8 + 13, -5*u + 29 = -3*d. Let a be 285/(-12) - u/16. What is the hundreds digit of (6/(a/(-236)))/(1/4)?
2
Suppose 30*m = 70*m - 1035120. What is the hundreds digit of m?
8
Let p = -50 - -55. Let f(b) = 15 - 34 + p*b + 23. What is the tens digit of f(8)?
4
Suppose 0*f - 11 = 3*g - 4*f, 0 = -5*g + f + 10. Suppose -6*v = -g*v - 135. What is the units digit of v?
5
Let r = 163 - 339. What is the tens digit of (474/8)/((-132)/r)?
7
Let j be ((-49)/(-21))/((-1)/(-33)). Let i = -115 + j. Let w = i + 65. What is the units digit of w?
7
Let p(d) = 2159*d**2 + 40*d + 173. What is the thousands digit of p(-4)?
4
Let q(u) be the first derivative of u**3/3 + 3*u**2/2 + u + 5. Suppose -d + 2*j + 9 = 0, 0 = -4*d + 5*j - 2 + 32. What is the tens digit of q(d)?
4
Suppose 10 = 2*y - 6. Suppose 2*a + 0*a + 3*h = 6, 0 = a + 4*h - y. Suppose 5*d + a*d - 595 = 0. What is the hundreds digit of d?
1
Suppose 16*y - 368478 = -20*y + 14*y. What is the hundreds digit of y?
7
Let w = -1594 + 9247. What is the thousands digit of w?
7
What is the tens digit of (1/2)/(40/560) + 818?
2
Suppose -f = -6*f - 3*b - 2500, 0 = 4*f + 2*b + 1998. What is the tens digit of (f/(-4))/(-6 - 637/(-104))?
9
Let l(a) be the first derivative of -a**2/2 + 36*a + 1955. Let i(t) = -t**2 - 7*t + 6. Let h be i(-6). What is the tens digit of l(h)?
2
Let r = -139 - -141. What is the tens digit of (-2)/(r/(-237)) + 0?
3
Let t = 13774 + -9639. What is the tens digit of t?
3
Suppose 3524*y - 50152 = 3516*y. What is the hundreds digit of y?
2
Suppose d = 813 - 301. What is the tens digit of d + 3 - (-8 + 8 + -4)?
1
Suppose -2*v + 2346 = 2*w, -4*v - 1014 - 169 = -w. What is the units digit of w?
5
Let s = 113510 + -34960. What is the units digit of s?
0
Let m(f) = -f**2 + 14*f + 6 - 6*f**2 - 2 + 4*f**2. Let o be m(6). Let d = o + 50. What is the tens digit of d?
3
Let n(c) = 4*c - 1. Let t be n(-3). Let f be -13 - t - ((-1 - -1) + 3). Let a(l) = -l**3 - l**2 - l + 3. What is the units digit of a(f)?
4
Let z be 0/(18/(-30)*-5). Suppose z = -w + 294 - 7. What is the tens digit of w?
8
Let i(r) = -r - 1. Let v(p) = 3. Let c be 6/(-9) - 120/(-18). Let t(k) = c*i(k) + 2*v(k). What is the units digit of t(-17)?
2
Suppose 1510 = 18*g - 1190. Let m = 28 - 23. Suppose 0 = m*n - 175 - g. What is the tens digit of n?
6
Let q = -5177 + 13325. What is the hundreds digit of q?
1
Let h be (-3 + 2)/(1/(-2)). Suppose h*f - 2 = 0, 2*m - 5 = f + 2. Suppose 0 = -5*x + 5*l + 145, -x + m*l = -3*x + 70. What is the units digit of x?
1
Let m be (-18)/(-4)*-2*(-1 - -2). Let h be ((-2)/(-6))/(m/(-135)). Suppose -h*v + 159 = -a, -3*v + 0*a + 89 = a. What is the tens digit of v?
3
Suppose 3*k - 3*a - 2109 = -0*a, -5*a + 25 = 0. Suppose z = 5 - 7, 3*h - k = 3*z. What is the units digit of h?
4
Suppose -11*f + 14*f = 5*z - 26, -2*f - 1 = -z. Suppose z*t - 1098 = 2395. What is the hundreds digit of t?
4
Let s(l) = 516*l - 1741. What is the tens digit of s(8)?
8
Suppose -3*m - 611576 = -14*u, 17*m - 14*m = -5*u + 218420. What is the thousands digit of u?
3
Let s be -2*(-2)/((-4)/(-1817)). Suppose s 